{"id":1130,"date":"2021-05-11T14:01:20","date_gmt":"2021-05-11T12:01:20","guid":{"rendered":"https:\/\/www.tantelose.de\/?page_id=1130"},"modified":"2021-05-11T14:22:22","modified_gmt":"2021-05-11T12:22:22","slug":"2-jahre-unverpackt-verband","status":"publish","type":"page","link":"https:\/\/www.tantelose.de\/?page_id=1130","title":{"rendered":"2 Jahre Unverpackt-Verband"},"content":{"rendered":"\n<div class=\"wp-block-image is-style-default\"><figure class=\"alignleft size-medium is-resized\"><img loading=\"lazy\" decoding=\"async\" src=\"https:\/\/www.tantelose.de\/wp-content\/uploads\/2021\/05\/gregor-2-300x300.jpg\" alt=\"\" class=\"wp-image-1144\" width=\"150\" height=\"150\" srcset=\"https:\/\/www.tantelose.de\/wp-content\/uploads\/2021\/05\/gregor-2-300x300.jpg 300w, https:\/\/www.tantelose.de\/wp-content\/uploads\/2021\/05\/gregor-2-1024x1024.jpg 1024w, https:\/\/www.tantelose.de\/wp-content\/uploads\/2021\/05\/gregor-2-150x150.jpg 150w, https:\/\/www.tantelose.de\/wp-content\/uploads\/2021\/05\/gregor-2-768x768.jpg 768w, https:\/\/www.tantelose.de\/wp-content\/uploads\/2021\/05\/gregor-2-100x100.jpg 100w, https:\/\/www.tantelose.de\/wp-content\/uploads\/2021\/05\/gregor-2.jpg 1299w\" sizes=\"auto, (max-width: 150px) 100vw, 150px\" \/><\/figure><\/div>\n\n\n\n<p class=\"has-small-font-size\"><em>K\u00f6ln, 20. April 2020. Durch den Einkauf von Lebensmitteln in Gro\u00dfgebinden aus Papiers\u00e4cken sparen Unverpackt-L\u00e4den schon jetzt eine gro\u00dfe Menge M\u00fcll und Kunststoff ein. Doch die Mitglieder w\u00fcnschen sich mehr.<\/em><\/p>\n\n\n\n<p class=\"has-text-align-left has-small-font-size\">\u201eUnseren Unverpackt-L\u00e4den gelingt es immer besser M\u00fcll und Verpackungen aus fossilen Prim\u00e4rrohstoffen zu reduzieren. Daf\u00fcr suchen wir mit unseren Zulieferern nach neuen L\u00f6sungen und entwickeln uns st\u00e4ndig weiter.\u201c, so der Vorstandsvorsitzende Gregor Witt.<\/p>\n\n\n\n<p><strong>Verpackungsvision 2025<\/strong><\/p>\n\n\n\n<p class=\"has-small-font-size\">Um dem Wunsch eine Form zu geben, die aktuellen Standards in Frage zu stellen und nachhaltig zu verbessern, hat der Verband bei seiner Mitgliedsversammlung im Februar 2020 die Verpackungsvision 2025 beschlossen. Denn einen Unverpackt-Laden zu er\u00f6ffnen, bedeutet f\u00fcr den Berufsverband ein klares Verantwortungs-bekenntnis gegen\u00fcber der Umwelt, der Natur und den Mitmenschen. Dass auch immer mehr konventionelle Superm\u00e4rkte lose Produkte anbieten um auf den Unverpackt-Zug aufzuspringen, sieht Witt mit einem kritischen Blick:<\/p>\n\n\n\n<p class=\"has-small-font-size\">\u201eEinerseits begr\u00fc\u00dfen wir, dass auch andere M\u00e4rkte zunehmend unverpackte Produkte anbieten. Nichtsdestotrotz sollte sehr genau hingeschaut werden, woher diese Produkte stammen, wie sie produziert werden und welche Verpackungsarten in der gesamten Wertsch\u00f6pfungskette zum Einsatz kommen und welcher M\u00fcll in welcher Menge auf dem Weg vom Erzeuger zum Konsumenten erzeugt wird.\u201c<\/p>\n\n\n\n<p><strong>Wichtige Eckdaten der Statuten<\/strong><\/p>\n\n\n\n<p class=\"has-small-font-size\">Ein Laden, der dem Verein beitreten m\u00f6chte, muss mindestens siebzig Prozent des Sortiments unverpackt oder in Mehrwegsystemen anbieten und mindestens f\u00fcnfzig Prozent seines Umsatzes mit diesen Waren erzielen. Die Bevorzugung von Waren aus kontrolliert biologischer Produktion ist dabei selbstverst\u00e4ndlich. Dar\u00fcber hinaus sollten die Gr\u00fcnder sich aktiv darum bem\u00fchen, nachhaltige Verpackungsmaterialien zu verwenden und Verpackungsm\u00fcll sowie unn\u00f6tige Marketing-Materialien in der gesamten Lieferkette zu reduzieren. Aus diesem Grund ist der Verband sehr um den Wissens- und Erfahrungsaustausch unter den Mitgliedern bem\u00fcht und ber\u00e4t seine Mitglieder, wie sie ressourcenschonend und m\u00fcllvermeidend wirtschaften k\u00f6nnen. Dass hinter dem Verband mehr steckt, als nur eine Wirtschaftsvereinigung, ist seit der Gr\u00fcndung klar:<\/p>\n\n\n\n<p class=\"has-small-font-size\">\u201eAlle Mitglieder unseres Verbandes haben ein Ziel: Wir wollen die Welt ver\u00e4ndern, und zwar radikal. Wir m\u00f6chten nicht nur die Utopie leben, sondern wir m\u00f6chten, dass sie zur handfesten Wirklichkeit wird.\u201c, so Gregor Witt.<\/p>\n\n\n\n<p class=\"has-black-color has-text-color has-small-font-size\"><strong><a href=\"https:\/\/www.tantelose.de\/?page_id=254\" data-type=\"URL\" data-id=\"https:\/\/www.tantelose.de\/?page_id=254\">zur\u00fcck<\/a><\/strong><\/p>\n","protected":false},"excerpt":{"rendered":"<p>K\u00f6ln, 20. April 2020. Durch den Einkauf von Lebensmitteln in Gro\u00dfgebinden aus Papiers\u00e4cken sparen Unverpackt-L\u00e4den schon jetzt eine gro\u00dfe Menge M\u00fcll und Kunststoff ein. Doch die Mitglieder w\u00fcnschen sich mehr. \u201eUnseren Unverpackt-L\u00e4den gelingt es immer besser M\u00fcll und Verpackungen aus fossilen Prim\u00e4rrohstoffen zu reduzieren. Daf\u00fcr suchen wir mit unseren Zulieferern nach neuen L\u00f6sungen und entwickeln &hellip; <\/p>\n<p class=\"link-more\"><a href=\"https:\/\/www.tantelose.de\/?page_id=1130\" class=\"more-link\"><span class=\"screen-reader-text\">\u201e2 Jahre Unverpackt-Verband\u201c<\/span> weiterlesen<\/a><\/p>\n","protected":false},"author":2,"featured_media":0,"parent":254,"menu_order":0,"comment_status":"closed","ping_status":"closed","template":"","meta":{"footnotes":""},"class_list":["post-1130","page","type-page","status-publish","hentry"],"_links":{"self":[{"href":"https:\/\/www.tantelose.de\/index.php?rest_route=\/wp\/v2\/pages\/1130","targetHints":{"allow":["GET"]}}],"collection":[{"href":"https:\/\/www.tantelose.de\/index.php?rest_route=\/wp\/v2\/pages"}],"about":[{"href":"https:\/\/www.tantelose.de\/index.php?rest_route=\/wp\/v2\/types\/page"}],"author":[{"embeddable":true,"href":"https:\/\/www.tantelose.de\/index.php?rest_route=\/wp\/v2\/users\/2"}],"replies":[{"embeddable":true,"href":"https:\/\/www.tantelose.de\/index.php?rest_route=%2Fwp%2Fv2%2Fcomments&post=1130"}],"version-history":[{"count":10,"href":"https:\/\/www.tantelose.de\/index.php?rest_route=\/wp\/v2\/pages\/1130\/revisions"}],"predecessor-version":[{"id":1155,"href":"https:\/\/www.tantelose.de\/index.php?rest_route=\/wp\/v2\/pages\/1130\/revisions\/1155"}],"up":[{"embeddable":true,"href":"https:\/\/www.tantelose.de\/index.php?rest_route=\/wp\/v2\/pages\/254"}],"wp:attachment":[{"href":"https:\/\/www.tantelose.de\/index.php?rest_route=%2Fwp%2Fv2%2Fmedia&parent=1130"}],"curies":[{"name":"wp","href":"https:\/\/api.w.org\/{rel}","templated":true}]}}

<div class="wp-block-image is-style-default"><figure class="alignleft size-medium is-resized"><img loading="lazy" decoding="async" src="https://www.tantelose.de/wp-content/uploads/2021/05/gregor-2-300x300.jpg" alt="" class="wp-image-1144" width="150" height="150" srcset="https://www.tantelose.de/wp-content/uploads/2021/05/gregor-2-300x300.jpg 300w, https://www.tantelose.de/wp-content/uploads/2021/05/gregor-2-1024x1024.jpg 1024w, https://www.tantelose.de/wp-content/uploads/2021/05/gregor-2-150x150.jpg 150w, https://www.tantelose.de/wp-content/uploads/2021/05/gregor-2-768x768.jpg 768w, https://www.tantelose.de/wp-content/uploads/2021/05/gregor-2-100x100.jpg 100w, https://www.tantelose.de/wp-content/uploads/2021/05/gregor-2.jpg 1299w" sizes="auto, (max-width: 150px) 100vw, 150px" /></figure></div>



<p class="has-small-font-size"><em>Köln, 20. April 2020. Durch den Einkauf von Lebensmitteln in Großgebinden aus Papiersäcken sparen Unverpackt-Läden schon jetzt eine große Menge Müll und Kunststoff ein. Doch die Mitglieder wünschen sich mehr.</em></p>



<p class="has-text-align-left has-small-font-size">„Unseren Unverpackt-Läden gelingt es immer besser Müll und Verpackungen aus fossilen Primärrohstoffen zu reduzieren. Dafür suchen wir mit unseren Zulieferern nach neuen Lösungen und entwickeln uns ständig weiter.“, so der Vorstandsvorsitzende Gregor Witt.</p>



<p><strong>Verpackungsvision 2025</strong></p>



<p class="has-small-font-size">Um dem Wunsch eine Form zu geben, die aktuellen Standards in Frage zu stellen und nachhaltig zu verbessern, hat der Verband bei seiner Mitgliedsversammlung im Februar 2020 die Verpackungsvision 2025 beschlossen. Denn einen Unverpackt-Laden zu eröffnen, bedeutet für den Berufsverband ein klares Verantwortungs-bekenntnis gegenüber der Umwelt, der Natur und den Mitmenschen. Dass auch immer mehr konventionelle Supermärkte lose Produkte anbieten um auf den Unverpackt-Zug aufzuspringen, sieht Witt mit einem kritischen Blick:</p>



<p class="has-small-font-size">„Einerseits begrüßen wir, dass auch andere Märkte zunehmend unverpackte Produkte anbieten. Nichtsdestotrotz sollte sehr genau hingeschaut werden, woher diese Produkte stammen, wie sie produziert werden und welche Verpackungsarten in der gesamten Wertschöpfungskette zum Einsatz kommen und welcher Müll in welcher Menge auf dem Weg vom Erzeuger zum Konsumenten erzeugt wird.“</p>



<p><strong>Wichtige Eckdaten der Statuten</strong></p>



<p class="has-small-font-size">Ein Laden, der dem Verein beitreten möchte, muss mindestens siebzig Prozent des Sortiments unverpackt oder in Mehrwegsystemen anbieten und mindestens fünfzig Prozent seines Umsatzes mit diesen Waren erzielen. Die Bevorzugung von Waren aus kontrolliert biologischer Produktion ist dabei selbstverständlich. Darüber hinaus sollten die Gründer sich aktiv darum bemühen, nachhaltige Verpackungsmaterialien zu verwenden und Verpackungsmüll sowie unnötige Marketing-Materialien in der gesamten Lieferkette zu reduzieren. Aus diesem Grund ist der Verband sehr um den Wissens- und Erfahrungsaustausch unter den Mitgliedern bemüht und berät seine Mitglieder, wie sie ressourcenschonend und müllvermeidend wirtschaften können. Dass hinter dem Verband mehr steckt, als nur eine Wirtschaftsvereinigung, ist seit der Gründung klar:</p>



<p class="has-small-font-size">„Alle Mitglieder unseres Verbandes haben ein Ziel: Wir wollen die Welt verändern, und zwar radikal. Wir möchten nicht nur die Utopie leben, sondern wir möchten, dass sie zur handfesten Wirklichkeit wird.“, so Gregor Witt.</p>



<p class="has-black-color has-text-color has-small-font-size"><strong><a href="https://www.tantelose.de/?page_id=254" data-type="URL" data-id="https://www.tantelose.de/?page_id=254">zurück</a></strong></p>

<p>Köln, 20. April 2020. Durch den Einkauf von Lebensmitteln in Großgebinden aus Papiersäcken sparen Unverpackt-Läden schon jetzt eine große Menge Müll und Kunststoff ein. Doch die Mitglieder wünschen sich mehr. „Unseren Unverpackt-Läden gelingt es immer besser Müll und Verpackungen aus fossilen Primärrohstoffen zu reduzieren. Dafür suchen wir mit unseren Zulieferern nach neuen Lösungen und entwickeln &hellip; </p>
<p class="link-more"><a href="https://www.tantelose.de/?page_id=1130" class="more-link"><span class="screen-reader-text">„2 Jahre Unverpackt-Verband“</span> weiterlesen</a></p>
