{"id":1180,"date":"2021-05-15T17:28:51","date_gmt":"2021-05-15T15:28:51","guid":{"rendered":"https:\/\/www.tantelose.de\/?page_id=1180"},"modified":"2021-05-16T09:12:12","modified_gmt":"2021-05-16T07:12:12","slug":"zero-waste-focaccia-wein-und-lebenslust","status":"publish","type":"page","link":"https:\/\/www.tantelose.de\/?page_id=1180","title":{"rendered":"Focaccia, Wein und Lebenslust"},"content":{"rendered":"\n<div class=\"wp-block-image is-style-default\"><figure class=\"alignleft size-large is-resized\"><img loading=\"lazy\" decoding=\"async\" src=\"https:\/\/www.tantelose.de\/wp-content\/uploads\/2021\/05\/Focaccia-1024x1024.png\" alt=\"\" class=\"wp-image-1181\" width=\"256\" height=\"256\" srcset=\"https:\/\/www.tantelose.de\/wp-content\/uploads\/2021\/05\/Focaccia-1024x1024.png 1024w, https:\/\/www.tantelose.de\/wp-content\/uploads\/2021\/05\/Focaccia-300x300.png 300w, https:\/\/www.tantelose.de\/wp-content\/uploads\/2021\/05\/Focaccia-150x150.png 150w, https:\/\/www.tantelose.de\/wp-content\/uploads\/2021\/05\/Focaccia-768x768.png 768w, https:\/\/www.tantelose.de\/wp-content\/uploads\/2021\/05\/Focaccia-100x100.png 100w, https:\/\/www.tantelose.de\/wp-content\/uploads\/2021\/05\/Focaccia.png 1080w\" sizes=\"auto, (max-width: 256px) 100vw, 256px\" \/><figcaption>Hier die Zutaten f\u00fcr ein Blech Focaccia<\/figcaption><\/figure><\/div>\n\n\n\n<p class=\"has-black-color has-text-color has-small-font-size\"><em>500 g Mehl<\/em><\/p>\n\n\n\n<p class=\"has-small-font-size\"><em>7 g Trockenhefe<\/em><\/p>\n\n\n\n<p class=\"has-small-font-size\"><em>300 ml warmes Wasser<\/em><\/p>\n\n\n\n<p class=\"has-small-font-size\"><em>1 TL Salz<\/em><\/p>\n\n\n\n<p class=\"has-small-font-size\"><em>6 EL Oliven\u00f6l<\/em><\/p>\n\n\n\n<p class=\"has-small-font-size\"><em>2 TL italienische Kr\u00e4uter<\/em><\/p>\n\n\n\n<p class=\"has-small-font-size\"><em>300 g Tomaten<\/em><\/p>\n\n\n\n<p class=\"has-white-color has-text-color\">&#8230;<\/p>\n\n\n\n<p class=\"has-small-font-size\">Mehl, Hefe, Wasser, Salz, Kr\u00e4uter und 2 EL Oliven\u00f6l zu einem Teig verkneten und etwa 2 Stunden an einem warmen Ort gehen lassen, bis der Teig sich verdoppelt hat.<\/p>\n\n\n\n<p class=\"has-small-font-size\">Das Backblech einfetten und mit Mehl ausst\u00e4uben. Hefeteig ordentlich durchkneten, auf dem Backblech ausrollen, nochmals 30 Minuten gehen lassen und kleine Mulden in den Teig dr\u00fccken. Tomaten in Scheiben schneiden und in die Vertiefungen dr\u00fccken. Mit dem restlichen Oliven\u00f6l betr\u00e4ufeln und mit Salz und Pfeffer w\u00fcrzen.<\/p>\n\n\n\n<p class=\"has-small-font-size\">Nochmals 10 Minuten stehen lassen, w\u00e4hrenddessen den Ofen auf 250 Grad Ober- und Unterhitze vorheizen. Die Focaccia ca. 20 Minuten goldgelb backen.<\/p>\n\n\n\n<p class=\"has-vivid-cyan-blue-color has-text-color has-small-font-size\"><em>Am besten warm mit einem Glas Wein genie\u00dfen und von Italien tr\u00e4umen!<\/em><\/p>\n\n\n\n<p class=\"has-small-font-size\"><strong><em><a href=\"https:\/\/www.tantelose.de\/?page_id=1178\">zur\u00fcck<\/a><\/em><\/strong><\/p>\n","protected":false},"excerpt":{"rendered":"<p>500 g Mehl 7 g Trockenhefe 300 ml warmes Wasser 1 TL Salz 6 EL Oliven\u00f6l 2 TL italienische Kr\u00e4uter 300 g Tomaten &#8230; Mehl, Hefe, Wasser, Salz, Kr\u00e4uter und 2 EL Oliven\u00f6l zu einem Teig verkneten und etwa 2 Stunden an einem warmen Ort gehen lassen, bis der Teig sich verdoppelt hat. Das Backblech &hellip; <\/p>\n<p class=\"link-more\"><a href=\"https:\/\/www.tantelose.de\/?page_id=1180\" class=\"more-link\"><span class=\"screen-reader-text\">\u201eFocaccia, Wein und Lebenslust\u201c<\/span> weiterlesen<\/a><\/p>\n","protected":false},"author":2,"featured_media":0,"parent":1178,"menu_order":0,"comment_status":"closed","ping_status":"closed","template":"","meta":{"footnotes":""},"class_list":["post-1180","page","type-page","status-publish","hentry"],"_links":{"self":[{"href":"https:\/\/www.tantelose.de\/index.php?rest_route=\/wp\/v2\/pages\/1180","targetHints":{"allow":["GET"]}}],"collection":[{"href":"https:\/\/www.tantelose.de\/index.php?rest_route=\/wp\/v2\/pages"}],"about":[{"href":"https:\/\/www.tantelose.de\/index.php?rest_route=\/wp\/v2\/types\/page"}],"author":[{"embeddable":true,"href":"https:\/\/www.tantelose.de\/index.php?rest_route=\/wp\/v2\/users\/2"}],"replies":[{"embeddable":true,"href":"https:\/\/www.tantelose.de\/index.php?rest_route=%2Fwp%2Fv2%2Fcomments&post=1180"}],"version-history":[{"count":8,"href":"https:\/\/www.tantelose.de\/index.php?rest_route=\/wp\/v2\/pages\/1180\/revisions"}],"predecessor-version":[{"id":1209,"href":"https:\/\/www.tantelose.de\/index.php?rest_route=\/wp\/v2\/pages\/1180\/revisions\/1209"}],"up":[{"embeddable":true,"href":"https:\/\/www.tantelose.de\/index.php?rest_route=\/wp\/v2\/pages\/1178"}],"wp:attachment":[{"href":"https:\/\/www.tantelose.de\/index.php?rest_route=%2Fwp%2Fv2%2Fmedia&parent=1180"}],"curies":[{"name":"wp","href":"https:\/\/api.w.org\/{rel}","templated":true}]}}