{"id":206,"date":"2019-10-01T15:34:30","date_gmt":"2019-10-01T13:34:30","guid":{"rendered":"https:\/\/www.tantelose.de\/?page_id=206"},"modified":"2024-07-08T09:21:17","modified_gmt":"2024-07-08T07:21:17","slug":"was","status":"publish","type":"page","link":"https:\/\/www.tantelose.de\/?page_id=206","title":{"rendered":"Unser Sortiment"},"content":{"rendered":"\n<p><em><sub><strong><a href=\"https:\/\/www.tantelose.de\/wp-content\/uploads\/2024\/07\/TanteLose-2024_Sortiment.pdf\" target=\"_blank\" rel=\"noreferrer noopener\">Hier<\/a> findet Ihr unsere aktuelle Sortimentsliste.<\/strong><\/sub><\/em><\/p>\n\n\n\n<div class=\"wp-block-columns is-layout-flex wp-container-core-columns-is-layout-9d6595d7 wp-block-columns-is-layout-flex\">\n<div class=\"wp-block-column is-layout-flow wp-block-column-is-layout-flow\">\n<p class=\"has-vivid-cyan-blue-color has-text-color\" style=\"line-height:1\"><strong><em>Getreide &amp; Mehl<\/em><\/strong><\/p>\n\n\n\n<p class=\"has-small-font-size\"><em>Buchweizen, Bulgur, Dinkel, Einkorn, Emmer, Gerste, Weizen, Gries, Couscous, Gr\u00fcnkern, Hafer, Hirse, Hirseflocken, Maisst\u00e4rke, Polenta, Popcornmais, Quinoa, Roggen, Sesam, Paniermehl, Dinkelmehl, Sp\u00e4tzlemehl, Weizenmehl<\/em><\/p>\n\n\n\n<p class=\"has-vivid-cyan-blue-color has-text-color\"><strong><em>Teigwaren<\/em><\/strong><\/p>\n\n\n\n<p class=\"has-small-font-size\" style=\"line-height:1.5\"><em>Alblinsennudeln, Buchweizennudeln, Dinkelspirelli, Fusilli, Gnocchetti, Lasagneplatten, Maccheroncini, Penne, Spaghetti, Tortiglioni, diverse Vollkornnudeln<\/em><\/p>\n\n\n\n<p class=\"has-vivid-cyan-blue-color has-text-color\"><strong><em>Trockenfr\u00fcchte<\/em><\/strong><\/p>\n\n\n\n<p class=\"has-small-font-size\"><em>Apfelringe und -w\u00fcrfel, Aprikosen, Bananenchips, Cranberries, Datteln, Feigen, Gojibeeren, Himbeeren, Mango, Sauerkirschen, Sultaninen<\/em><\/p>\n\n\n\n<p class=\"has-vivid-cyan-blue-color has-text-color\"><strong><em>Backzutaten<\/em><\/strong><\/p>\n\n\n\n<p class=\"has-small-font-size\"><em>Agar Agar, Gelatine, Kakao, Kokosraspel, Kuvert\u00fcre, Natron, Pudding, Schokodrops, Vanillezucker, Weinstein-Backpulver<\/em><\/p>\n\n\n\n<p class=\"has-vivid-cyan-blue-color has-text-color\"><strong><em>Vortagsbrot<\/em><\/strong><\/p>\n\n\n\n<p class=\"has-small-font-size\"><em><a rel=\"noreferrer noopener\" href=\"https:\/\/www.fidelis1505.de\/index.htm#Top\" target=\"_blank\">vom Fidelis-B\u00e4ck<\/a><\/em><\/p>\n\n\n\n<p class=\"has-vivid-cyan-blue-color has-text-color\"><strong><em>Reinigungs- &amp; Waschmittel<\/em><\/strong><\/p>\n\n\n\n<p class=\"has-small-font-size\"><em>Badreiniger, Bodenwischpflege, Enth\u00e4rter, Fleckensalz, Gallseife, Glasreiniger, Kalkl\u00f6ser, Lederbalsam, Natron, Orangenkraftreiniger, Seifenflocken, Sp\u00fclmittel, Universalreiniger, Waschmittel, Waschsoda, WC-Reiniger, Zitronens\u00e4ure<\/em><\/p>\n\n\n\n<p class=\"has-vivid-cyan-blue-color has-text-color\"><strong><em>Haushaltshelfer<\/em><\/strong><\/p>\n\n\n\n<p class=\"has-small-font-size\"><em>B\u00fcrsten, Besen, Eimer, Gartenhandschuhe, Holzw\u00e4scheklammern, Kalkf\u00e4nger, Kautschukhandschuhe, Kehrschaufel und Handfeger, Kupferpad und -tuch, Papieretiketten, Papierklebestreifen<\/em><\/p>\n<\/div>\n\n\n\n<div class=\"wp-block-column is-layout-flow wp-block-column-is-layout-flow\">\n<p class=\"has-vivid-cyan-blue-color has-text-color\" style=\"line-height:1\"><strong><em>Reis<\/em><\/strong><\/p>\n\n\n\n<p class=\"has-small-font-size\"><em>Basmati, Milchreis, Naturreis, Parboiled, Risotto<\/em><\/p>\n\n\n\n<p class=\"has-vivid-cyan-blue-color has-text-color\"><strong><em>M\u00fcsli &amp; Flocken<\/em><\/strong><\/p>\n\n\n\n<p class=\"has-small-font-size\"><em>Beerenm\u00fcsli, Cornflakes (ges\u00fc\u00dft, unges\u00fc\u00dft), Crunchy (diverse Sorten), Dinkelflocken (grob, fein), Getreidepops (Schoko, Vanille), Haferflocken (grob, fein), Original Rapunzel M\u00fcsli, Porridge, Schokopuffreis, tante lose.  M\u00fcsli, Weizenpops<\/em><\/p>\n\n\n\n<p class=\"has-vivid-cyan-blue-color has-text-color\"><strong><em>Antipasti<\/em><\/strong><\/p>\n\n\n\n<p class=\"has-small-font-size\"><em>Oliven-Mix entsteint in \u00d6l, Tomaten getrocknet, Tomaten in \u00d6l<\/em><\/p>\n\n\n\n<p class=\"has-vivid-cyan-blue-color has-text-color\"><strong><em>Konserven im Glas<\/em><\/strong><\/p>\n\n\n\n<p class=\"has-small-font-size\"><em>Brotaufstriche, Chili, Chutney, Ketchup, Nougatcreme, Pesto, Senf, Suppen, Tomatensaucen<\/em><\/p>\n\n\n\n<p class=\"has-vivid-cyan-blue-color has-text-color\"><strong><em>S\u00fc\u00dfungsmittel<\/em><\/strong><\/p>\n\n\n\n<p class=\"has-small-font-size\"><em>Agavendicksaft, Puderzucker, Rohrohrzucker, R\u00fcbenzucker, Vollrohrzucker, Honig im Glas<\/em><\/p>\n\n\n\n<p class=\"has-vivid-cyan-blue-color has-text-color\"><strong><em>K\u00f6rperpflege &amp; Hygiene<\/em><\/strong><\/p>\n\n\n\n<p class=\"has-small-font-size\"><em>After Shave Balm, Bademilch, Body Butter, Bodylotion, Conditioner, Deocreme, Duschseifen und -bits, Haarseifen, Handcream, Handseife, Holzhaarb\u00fcrsten und -k\u00e4mme, Konjac Schwamm, Lippenbalsam, Luffascheiben, Menstruationstassen, Pflaster, Rasierhobel und -klingen, -pinsel, -seifen, Reinigungs-Peeling Masken, Seifens\u00e4ckchen, Seifentransportdosen, Shampoo fest und fl\u00fcssig, Shea Massage Candle, Toilettenpapier, Wattest\u00e4bchen, Zahnb\u00fcrsten, Zahncreme, Zahnputztabletten, Zahnseide<\/em><\/p>\n\n\n\n<p class=\"has-vivid-cyan-blue-color has-text-color\"><em><strong>Non Food<\/strong><\/em><\/p>\n\n\n\n<p class=\"has-small-font-size\"><em>Bienenwachst\u00fccher, Flaschen und Gl\u00e4ser, Eco Brotboxen, Flachsgarn, Kleen Kanteen Flaschen und Beh\u00e4lter, Lieblingsgl\u00e4ser mit Ersatzdeckeln und -aufs\u00e4tzen, Naturwachspapier, Soulbottle, Stoffbeutel, Tragetaschen, Trinkhalme<\/em><\/p>\n<\/div>\n\n\n\n<div class=\"wp-block-column is-layout-flow wp-block-column-is-layout-flow\">\n<p class=\"has-vivid-cyan-blue-color has-text-color\" style=\"line-height:1\"><strong><em>H\u00fclsenfr\u00fcchte<\/em><\/strong><\/p>\n\n\n\n<p class=\"has-small-font-size\"><em>Alblinsen, Berglinsen, wei\u00dfe Bohnen, Kidney-Bohnen, Gr\u00fcne Erbsen, Kichererbsen, Linsen, Sojabohnen<\/em><\/p>\n\n\n\n<p class=\"has-vivid-cyan-blue-color has-text-color has-normal-font-size\"><strong><em>N\u00fcsse &amp; Saaten<\/em><\/strong><\/p>\n\n\n\n<p class=\"has-small-font-size\"><em>Cashewkern-Bruch fairtrade, Chiasaat, Erdn\u00fcsse, Hanf, Haseln\u00fcsse, Kokosraspeln und -chips, Leinsaat, Mandeln, Pinienkerne, Sesam, Sonnenblumenkerne, Walnussbruch<\/em><\/p>\n\n\n\n<p class=\"has-vivid-cyan-blue-color has-text-color\"><strong><em>Kr\u00e4uter &amp; Gew\u00fcrze<\/em><\/strong><\/p>\n\n\n\n<p class=\"has-small-font-size\"><em>Anis, Basilikum, Brotgew\u00fcrz, Cayennepfeffer, Curry und viele andere<\/em><\/p>\n\n\n\n<p class=\"has-vivid-cyan-blue-color has-text-color\"><strong><em>Essig &amp; \u00d6l<\/em><\/strong><\/p>\n\n\n\n<p class=\"has-small-font-size\"><em>Apfel-Balsamico, Apfelessig, Brat\u00f6l, Balsamico bianco, Kokos\u00f6l nativ, Oliven\u00f6l extra nativ, Raps\u00f6l nativ, Branntweinessig<\/em><\/p>\n\n\n\n<p class=\"has-vivid-cyan-blue-color has-text-color\"><strong><em>Naschereien<\/em><\/strong><\/p>\n\n\n\n<p class=\"has-small-font-size\"><em>Biscotti, Bruchschokolade, Lakritz, Nussecken, Rauchmandeln, Salzgeb\u00e4ck, salzige Bananenchips, schokolierte Fr\u00fcchte, Weingummi<\/em><\/p>\n\n\n\n<p class=\"has-vivid-cyan-blue-color has-text-color\"><strong><em>Getr\u00e4nke &amp; Bistro<\/em><\/strong><\/p>\n\n\n\n<p class=\"has-small-font-size\"><em>Cappuccino, Espresso, Cidre, Eistee, Haussecco wei\u00df, Kaffee, Limonaden, Traubensecco alkoholfrei, Weine von Becco, Wasser Fill-Up Service<\/em><\/p>\n\n\n\n<p class=\"has-vivid-cyan-blue-color has-text-color\"><strong><em>Kaffee &amp; Tee<\/em><\/strong><\/p>\n\n\n\n<p class=\"has-small-font-size\"><em><a href=\"https:\/\/www.jehlekaffee.de\/firma.html\" target=\"_blank\" rel=\"noreferrer noopener\">Kaffee Bio Barista, Guatemala<\/a> Bio, Pacha Mama, Gr\u00fcn- und Schwarztee, Fr\u00fcchte- und Kr\u00e4utertee, Rooibos<\/em><\/p>\n<\/div>\n<\/div>\n\n\n\n<pre class=\"wp-block-verse has-small-font-size\"><em>B\u00fccher, Saisonale Artikel, K\u00fchlprodukte, und vieles andere mehr. Sprechen Sie uns an!<\/em><\/pre>\n","protected":false},"excerpt":{"rendered":"<p>Hier findet Ihr unsere aktuelle Sortimentsliste. Getreide &amp; Mehl Buchweizen, Bulgur, Dinkel, Einkorn, Emmer, Gerste, Weizen, Gries, Couscous, Gr\u00fcnkern, Hafer, Hirse, Hirseflocken, Maisst\u00e4rke, Polenta, Popcornmais, Quinoa, Roggen, Sesam, Paniermehl, Dinkelmehl, Sp\u00e4tzlemehl, Weizenmehl Teigwaren Alblinsennudeln, Buchweizennudeln, Dinkelspirelli, Fusilli, Gnocchetti, Lasagneplatten, Maccheroncini, Penne, Spaghetti, Tortiglioni, diverse Vollkornnudeln Trockenfr\u00fcchte Apfelringe und -w\u00fcrfel, Aprikosen, Bananenchips, Cranberries, Datteln, Feigen, Gojibeeren, &hellip; <\/p>\n<p class=\"link-more\"><a href=\"https:\/\/www.tantelose.de\/?page_id=206\" class=\"more-link\"><span class=\"screen-reader-text\">\u201eUnser Sortiment\u201c<\/span> weiterlesen<\/a><\/p>\n","protected":false},"author":2,"featured_media":0,"parent":0,"menu_order":0,"comment_status":"closed","ping_status":"open","template":"","meta":{"footnotes":""},"class_list":["post-206","page","type-page","status-publish","hentry"],"_links":{"self":[{"href":"https:\/\/www.tantelose.de\/index.php?rest_route=\/wp\/v2\/pages\/206","targetHints":{"allow":["GET"]}}],"collection":[{"href":"https:\/\/www.tantelose.de\/index.php?rest_route=\/wp\/v2\/pages"}],"about":[{"href":"https:\/\/www.tantelose.de\/index.php?rest_route=\/wp\/v2\/types\/page"}],"author":[{"embeddable":true,"href":"https:\/\/www.tantelose.de\/index.php?rest_route=\/wp\/v2\/users\/2"}],"replies":[{"embeddable":true,"href":"https:\/\/www.tantelose.de\/index.php?rest_route=%2Fwp%2Fv2%2Fcomments&post=206"}],"version-history":[{"count":10,"href":"https:\/\/www.tantelose.de\/index.php?rest_route=\/wp\/v2\/pages\/206\/revisions"}],"predecessor-version":[{"id":23961,"href":"https:\/\/www.tantelose.de\/index.php?rest_route=\/wp\/v2\/pages\/206\/revisions\/23961"}],"wp:attachment":[{"href":"https:\/\/www.tantelose.de\/index.php?rest_route=%2Fwp%2Fv2%2Fmedia&parent=206"}],"curies":[{"name":"wp","href":"https:\/\/api.w.org\/{rel}","templated":true}]}}