{"id":689,"date":"2020-04-02T10:32:54","date_gmt":"2020-04-02T08:32:54","guid":{"rendered":"https:\/\/www.tantelose.de\/?page_id=689"},"modified":"2021-12-08T09:45:31","modified_gmt":"2021-12-08T08:45:31","slug":"team","status":"publish","type":"page","link":"https:\/\/www.tantelose.de\/?page_id=689","title":{"rendered":"Unser Team"},"content":{"rendered":"\n<div class=\"wp-block-columns is-layout-flex wp-container-core-columns-is-layout-9d6595d7 wp-block-columns-is-layout-flex\">\n<div class=\"wp-block-column is-layout-flow wp-block-column-is-layout-flow\" style=\"flex-basis:100%\">\n<div class=\"wp-block-columns is-layout-flex wp-container-core-columns-is-layout-9d6595d7 wp-block-columns-is-layout-flex\">\n<div class=\"wp-block-column is-layout-flow wp-block-column-is-layout-flow\" style=\"flex-basis:100%\">\n<div class=\"wp-block-columns is-layout-flex wp-container-core-columns-is-layout-9d6595d7 wp-block-columns-is-layout-flex\">\n<div class=\"wp-block-column is-layout-flow wp-block-column-is-layout-flow\"><\/div>\n\n\n\n<div class=\"wp-block-column is-layout-flow wp-block-column-is-layout-flow\">\n<figure class=\"wp-block-image size-large is-resized is-style-default\"><img loading=\"lazy\" decoding=\"async\" src=\"https:\/\/www.tantelose.de\/wp-content\/uploads\/2020\/10\/Impressum_Huelsse.jpg\" alt=\"\" class=\"wp-image-736\" width=\"209\" height=\"209\" srcset=\"https:\/\/www.tantelose.de\/wp-content\/uploads\/2020\/10\/Impressum_Huelsse.jpg 418w, https:\/\/www.tantelose.de\/wp-content\/uploads\/2020\/10\/Impressum_Huelsse-300x300.jpg 300w, https:\/\/www.tantelose.de\/wp-content\/uploads\/2020\/10\/Impressum_Huelsse-150x150.jpg 150w\" sizes=\"auto, (max-width: 209px) 100vw, 209px\" \/><figcaption>Uli H\u00fcl\u00dfe-Hartmann<\/figcaption><\/figure>\n<\/div>\n\n\n\n<div class=\"wp-block-column is-layout-flow wp-block-column-is-layout-flow\">\n<figure class=\"wp-block-image size-large is-resized is-style-default\"><img loading=\"lazy\" decoding=\"async\" src=\"https:\/\/www.tantelose.de\/wp-content\/uploads\/2020\/10\/Impressum_Lechelt.jpg\" alt=\"\" class=\"wp-image-737\" width=\"205\" height=\"205\" srcset=\"https:\/\/www.tantelose.de\/wp-content\/uploads\/2020\/10\/Impressum_Lechelt.jpg 410w, https:\/\/www.tantelose.de\/wp-content\/uploads\/2020\/10\/Impressum_Lechelt-300x300.jpg 300w, https:\/\/www.tantelose.de\/wp-content\/uploads\/2020\/10\/Impressum_Lechelt-150x150.jpg 150w\" sizes=\"auto, (max-width: 205px) 100vw, 205px\" \/><figcaption>Christine Lechelt<\/figcaption><\/figure>\n<\/div>\n<\/div>\n<\/div>\n<\/div>\n<\/div>\n<\/div>\n\n\n\n<pre class=\"wp-block-verse has-small-font-size\">Unser Unverpacktladen tante lose.  wird gef\u00f6rdert durch den <a rel=\"noreferrer noopener\" href=\"https:\/\/ec.europa.eu\/agriculture\/rural-development-2014-2020_de\" target=\"_blank\">Europ\u00e4ischen Landwirtschaftsfonds f\u00fcr die Entwicklung des l\u00e4ndlichen Raumes (ELER)<\/a> und das Ministerium f\u00fcr L\u00e4ndlichen Raum und Verbraucherschutz Baden-W\u00fcrttemberg. Hier investiert Europa in die l\u00e4ndlichen Gebiete. <\/pre>\n\n\n\n<p class=\"has-very-light-gray-color has-text-color has-small-font-size\">.<\/p>\n\n\n\n<div class=\"wp-block-image\"><figure class=\"alignright size-large is-resized\"><img loading=\"lazy\" decoding=\"async\" src=\"https:\/\/www.tantelose.de\/wp-content\/uploads\/2020\/04\/Leader_WEB-1024x274.jpg\" alt=\"\" class=\"wp-image-715\" width=\"256\" height=\"69\" srcset=\"https:\/\/www.tantelose.de\/wp-content\/uploads\/2020\/04\/Leader_WEB-1024x274.jpg 1024w, https:\/\/www.tantelose.de\/wp-content\/uploads\/2020\/04\/Leader_WEB-300x80.jpg 300w, https:\/\/www.tantelose.de\/wp-content\/uploads\/2020\/04\/Leader_WEB-768x205.jpg 768w, https:\/\/www.tantelose.de\/wp-content\/uploads\/2020\/04\/Leader_WEB-1536x411.jpg 1536w, https:\/\/www.tantelose.de\/wp-content\/uploads\/2020\/04\/Leader_WEB.jpg 1772w\" sizes=\"auto, (max-width: 256px) 100vw, 256px\" \/><\/figure><\/div>\n","protected":false},"excerpt":{"rendered":"<p>Unser Unverpacktladen tante lose. wird gef\u00f6rdert durch den Europ\u00e4ischen Landwirtschaftsfonds f\u00fcr die Entwicklung des l\u00e4ndlichen Raumes (ELER) und das Ministerium f\u00fcr L\u00e4ndlichen Raum und Verbraucherschutz Baden-W\u00fcrttemberg. Hier investiert Europa in die l\u00e4ndlichen Gebiete. .<\/p>\n","protected":false},"author":2,"featured_media":0,"parent":0,"menu_order":0,"comment_status":"closed","ping_status":"closed","template":"","meta":{"footnotes":""},"class_list":["post-689","page","type-page","status-publish","hentry"],"_links":{"self":[{"href":"https:\/\/www.tantelose.de\/index.php?rest_route=\/wp\/v2\/pages\/689","targetHints":{"allow":["GET"]}}],"collection":[{"href":"https:\/\/www.tantelose.de\/index.php?rest_route=\/wp\/v2\/pages"}],"about":[{"href":"https:\/\/www.tantelose.de\/index.php?rest_route=\/wp\/v2\/types\/page"}],"author":[{"embeddable":true,"href":"https:\/\/www.tantelose.de\/index.php?rest_route=\/wp\/v2\/users\/2"}],"replies":[{"embeddable":true,"href":"https:\/\/www.tantelose.de\/index.php?rest_route=%2Fwp%2Fv2%2Fcomments&post=689"}],"version-history":[{"count":10,"href":"https:\/\/www.tantelose.de\/index.php?rest_route=\/wp\/v2\/pages\/689\/revisions"}],"predecessor-version":[{"id":1276,"href":"https:\/\/www.tantelose.de\/index.php?rest_route=\/wp\/v2\/pages\/689\/revisions\/1276"}],"wp:attachment":[{"href":"https:\/\/www.tantelose.de\/index.php?rest_route=%2Fwp%2Fv2%2Fmedia&parent=689"}],"curies":[{"name":"wp","href":"https:\/\/api.w.org\/{rel}","templated":true}]}}